when 1 - (-3 - (x - -27)) is divided by 12 + (-7)/(14/(-10)).
16
Let o = 94 - 81. Calculate the remainder when 510/(-12)*(-3 - 27/(-15)) is divided by o.
12
Calculate the remainder when 18/12*(4 - 2 - -118) is divided by 46.
42
Calculate the remainder when 217 is divided by (-3388)/(-176) + (-3)/(-4).
17
Suppose 7*d = 113 - 36. Suppose -q - 2*a + 58 = 0, -2*a = d - 1. Calculate the remainder when q is divided by 7.
5
Let t(r) = -r**3 + 6*r**2 + 5*r - 8. Let q be t(6). Suppose -a - 1 = q. Let p = 49 + a. Calculate the remainder when 51 is divided by p.
25
Let y = -154 - -179. Calculate the remainder when 87 is divided by y.
12
Suppose -2*d + 2*f + 78 - 24 = 0, 4*d - 105 = 5*f. Suppose 252 = -2*p - 116. Let j = p - -301. Calculate the remainder when j is divided by d.
27
Suppose f + 256 = 2*a + 2*a, 0 = -3*a - 5*f + 215. Calculate the remainder when 129 is divided by a.
64
Let d = 1672 - 1556. Calculate the remainder when 228 is divided by d.
112
Let i = -20 + 135. Let z = -23 + 46. Suppose r + 3*o - z = 0, 9*r - 4*r = -o + i. What is the remainder when r is divided by 13?
10
Let j = 33 - 30. Suppose -j*x + 0 = -6. Suppose -x*i = 31 - 95. Calculate the remainder when i is divided by 17.
15
Let p(f) = f**3 + 13*f**2 - 17*f - 31. What is the remainder when p(-13) is divided by 15?
10
Suppose -3*q = 4 - 79. Let k be 42/10 + (-5)/q. Suppose 0 = -k*o + 2*y + 294, -y + 4*y + 366 = 5*o. Calculate the remainder when o is divided by 19.
18
Suppose v = -2*g + 40, -3*v + 105 = 9*g - 6*g. What is the remainder when 150 is divided by v?
0
Let c(v) = -3*v + 8. Let n be c(2). Suppose 5*a + 63 = y - 0*a, 0 = -2*y - n*a + 90. What is the remainder when y is divided by 13?
9
Let k be -2 + -2 + 5 + -6. Let d = -3 - k. Suppose 6*h = d*h + 124. What is the remainder when h is divided by 16?
15
Suppose f = -5*t + 5, 2*t - 15 = -3*f - t. What is the remainder when f is divided by 4?
1
Suppose 8*u - 23*u + 765 = 0. What is the remainder when u is divided by 31?
20
Suppose 970 - 4906 = -2*m. Calculate the remainder when m/30 - 6/10 is divided by 34.
31
Let a(c) = c. Let s(h) = -4*h - 21. Let v(p) = 6*a(p) + s(p). What is the remainder when 9 is divided by v(13)?
4
Let d(f) = -2*f**2 + 40*f + 15. What is the remainder when 239 is divided by d(20)?
14
Suppose -17 = -g + 1. Let q be 1 + 42 - (-5 + 6). Suppose q + g = 5*l. What is the remainder when 21 is divided by l?
9
Suppose -23*j + 25*j = 160. Calculate the remainder when j is divided by 14.
10
Let p(u) = 37*u - 16*u**3 + 3*u**3 - 21*u**2 + 14*u**3 + 45. What is the remainder when 48 is divided by p(19)?
22
Let m(d) = 4*d**2 + 5*d - 1. Let t(k) = 3*k**2 + k**2 + 10*k**2 + 1 - k - 3*k**2. What is the remainder when m(-4) is divided by t(1)?
10
Suppose -2400 = 4*i - 14*i. Suppose 7*j - i = -5*j. What is the remainder when j is divided by 14?
6
Suppose -53 = 4*i - 5*i. Let h(n) = n**2 - 14. Calculate the remainder when i is divided by h(5).
9
Let l(q) = -2*q - 4. Let f be l(-2). Suppose d + 10*d - 143 = f. What is the remainder when 64 is divided by d?
12
Suppose 104 = 2*i + 2*i. Suppose 0*x = 21*x - 378. Calculate the remainder when i is divided by x.
8
Suppose 4 - 28 = -s. Suppose -2*u - 23 + 3 = 0. Calculate the remainder when -207*(-3)/(-1 - u) is divided by s.
21
Suppose -2*t - 4*m = -13 - 35, t + 6 = 4*m. Let n(y) = -y**3 + 15*y**2 - 11*y - 15. What is the remainder when 51 is divided by n(t)?
24
Let d(g) be the first derivative of -2*g**3/3 + 19*g**2/2 - 4*g - 3. What is the remainder when d(8) is divided by 11?
9
Let t = 126 - 189. Calculate the remainder when (-27)/t + 246/14 is divided by 10.
8
Let d(b) = 2*b**3 + 2*b**2 - 9*b - 1. Calculate the remainder when d(4) is divided by 23.
8
Let d(k) = k - 1. Let t(q) = 7*q - 7. Let x(w) = -5*d(w) + t(w). Suppose -6*z + z - 35 = -4*g, -10 = g + 5*z. What is the remainder when g is divided by x(2)?
1
Let d = 107 - 22. Let i = 155 - d. Let k = -1465 - -1483. What is the remainder when i is divided by k?
16
Let z be (-12)/8*(-84)/18. Suppose -z*l + 21 = -28. Calculate the remainder when 26 is divided by l.
5
Let f = -883 + 1105. Calculate the remainder when f is divided by 56.
54
Let c be -1 + 6*40/15. Calculate the remainder when 86 is divided by (-66)/4*(-20)/c.
20
Suppose 118 + 1324 = 7*v. Calculate the remainder when v is divided by 54.
44
Let b = -396 + 275. What is the remainder when (-10505)/b - 2/(-11) is divided by 30?
27
Let k(h) = 10*h + 3. Let n(y) = -9*y - 4. Let v(s) = 2*k(s) + 3*n(s). Let b be v(-8). Let c = b + -27. What is the remainder when c is divided by 8?
7
Let l(v) = v**3 + 14*v**2 + 33*v + 34. Suppose -5*x + 69 = z, 2*x - 3*z = -z + 18. Calculate the remainder when l(-11) is divided by x.
8
Let h(j) = 6*j**2 - 6*j - 41. Calculate the remainder when 106 is divided by h(-3).
13
Suppose -2*r + 41 = 3*g, 0*g + g - 31 = -2*r. Let a(o) = -78*o - 2. Let z be a(-3). Let c = -157 + z. Calculate the remainder when c is divided by r.
10
Let a(u) = -2*u**2 + 16*u + 21. Calculate the remainder when 134 is divided by a(9).
2
Let c be 20/15*(-6)/(-4). Suppose 4*u + c = 6. Let r = 11 + u. What is the remainder when r is divided by 5?
2
Let u = -11 - -25. Let d be 6*(63/6 - -4). Let l = -48 + d. What is the remainder when l is divided by u?
11
Let k(q) = q**2 - 4*q - 30. Let b(v) = -v**2 + 13*v + 1. Calculate the remainder when b(7) is divided by k(9).
13
Let k be (-4)/(-8) - (-2613)/6. Suppose 5*v + 21 = k. What is the remainder when v is divided by 17?
15
Let n(r) = -3*r**3 + 9*r**2 + 33*r - 12. What is the remainder when n(-4) is divided by 49?
45
Let l(c) = -c**3 - 3*c**2 + 7*c + 22. What is the remainder when l(-6) is divided by 18?
16
Let v(l) = 3*l**2 - 8*l. Let j be v(6). Let q be 24 + (1/(-2)*2 - 3). What is the remainder when 33 is divided by (q/25)/(4/j)?
9
Let u(q) = q + 3. Let h be u(2). Suppose -h*k = -k - 264. What is the remainder when k is divided by (69/(-115))/((-1)/30)?
12
Let d be 7 - (0 - (-4 + 0)). Calculate the remainder when 54 is divided by (-7)/(-5)*-4*(d - 8).
26
Let y be (-2)/3 - 113/(-3). What is the remainder when 73 is divided by (2/2 + y)/2?
16
Let m be (-6)/4*(-160)/24. Suppose 0 = -i + 5*s - 14, -3*s + 5*s = m. Calculate the remainder when (18 - -1) + (0 - -2) is divided by i.
10
Suppose -3*c - 5*v = -35, 2*v - 5 - 27 = -3*c. What is the remainder when 9 is divided by (-5)/c + (-22)/(-4)?
4
What is the remainder when 74 is divided by 10 - (3/(6/2))/(-1)?
8
What is the remainder when 133 is divided by -16*((-44)/(-8) + -6)?
5
Suppose 4*l = 0, 45*k = 47*k + l - 280. Calculate the remainder when k is divided by 48.
44
Suppose -4*i = 10*i - 56. Suppose -75 = -i*o - 59. Calculate the remainder when 36 is divided by o.
0
What is the remainder when (-21)/3 - (-799)/17 is divided by 22?
18
Suppose 4*v - 7 = 9. Suppose -3*m - 4*d + 193 = 0, m - v*m - 5*d = -194. What is the remainder when m is divided by (5/10)/((-2)/(-64))?
15
Let n = -316 - -1504. Calculate the remainder when n is divided by 35.
33
Suppose 347 = -2*w - 5*m + 4*m, 2*w - m + 353 = 0. Let f = 253 + w. Suppose 5*o - f = 72. Calculate the remainder when o is divided by 11.
8
Let w = -20 + 95. Suppose -31*a = -28*a - w. What is the remainder when 97 is divided by a?
22
Calculate the remainder when 145 is divided by 34/136 + 123/4.
21
Suppose 5 - 38 = 19*r - 223. Suppose -3*l + 0*l + 18 = 0. What is the remainder when r is divided by l?
4
What is the remainder when 63 is divided by (-22 - (-6 - -1))*-1?
12
Let w(h) = -19*h**3 + 4*h + 2. Let t be w(-2). Let s(m) = -m**3 + m**2 - 4*m + 4. Let b be s(4). Let u = b + t. Calculate the remainder when u is divided by 29.
28
Suppose -5*d - 6 = o, -7*d - 10 = -5*d. Calculate the remainder when 26 is divided by o.
7
Suppose 2*z = -3*k + 9 + 5, z + k = 6. Suppose i + 5*q - 37 = 0, z*i - 238 = -q - q. Calculate the remainder when i is divided by 16.
14
Let o = -40 + 20. Let u be (-448)/(-10) + (-4)/o. Suppose 3*c + 0*c = u. What is the remainder when c is divided by 6?
3
Let t(f) = -f**2 - 2*f + 89. Calculate the remainder when 120 is divided by t(-10).
3
Let w = -10 - -20. Suppose -5*q = -w, -6*q - 73 = -3*j - 2*q. What is the remainder when j is divided by 10?
7
Suppose -4*o + c - 5 = 8, 2*c = -6. What is the remainder when (-143)/(